 d + 0 - 7 = 0, -4*d + 25 = 3*k. Let g(f) be the second derivative of -f**3/3 + 2*f**2 + 4*f. Determine g(k).
-2
Suppose 0 = u + u + 6. Let q(f) = -f + 3. Determine q(u).
6
Let n(y) = y + y**2 + 0*y + 3 - y**3 + 2*y**3. Suppose -d = 5*o + 4, 2*o - 4*d = 8 + 8. Suppose i = -o*i. Give n(i).
3
Suppose 5*s = 2*h - 5 - 28, 0 = 2*s - 2*h + 12. Let x(w) be the second derivative of -w**5/20 - w**4/2 + 4*w**3/3 + 9*w**2/2 + w. Calculate x(s).
2
Let d(b) = -3*b**2 - 29*b + 2. Let v(l) = -2*l**2 - 19*l + 1. Let f(q) = -5*d(q) + 8*v(q). Determine f(-7).
-2
Let v(c) = 6*c + 1. Suppose 0 = 3*k - 2*k - 8. Let m = -11 + k. What is v(m)?
-17
Suppose 0 = 4*m - 4*l + 8, m + l = -2*l + 14. Let w(p) = -5*p + 2. Give w(m).
-8
Let z(u) be the third derivative of -u**5/60 - u**4/24 + u**3/3 + 29*u**2. Give z(3).
-10
Let l(j) = -6*j**3 + 2*j**2 - 1. Suppose 11*f - 10*f + 1 = 0. Give l(f).
7
Let b(f) = -4*f. Let d(u) = 2*u. Let l(n) = 6*b(n) + 13*d(n). Let t be 4 - 0/(4 + -6). Give l(t).
8
Let y(q) = q**2 + 4*q - 2. Let c(p) = -p + 4. Let n = 10 - 7. Suppose -n*l = -0*l + 5*m - 37, -3*m = -l + 3. Let u be c(l). Give y(u).
3
Let j(p) = p**2 + 5*p - 3. Suppose -11 + 1 = -5*v. Let f = v - 1. Suppose 30 = -5*r - 2*o + 4*o, -4*r = 3*o + f. Determine j(r).
-7
Let g = -20 - -13. Let n(r) = -r - 6. Determine n(g).
1
Suppose 4 = 17*b - 30. Let t(s) = -s**2 + 5*s - 2. Give t(b).
4
Let k(l) = 6*l**3 - 10*l**2 + 8*l - 2. Let p(v) = -v**3 + v**2 - v. Let z(w) = k(w) + 5*p(w). Calculate z(3).
-11
Let d(u) = 2*u - 1. Let y(t) = -t + 7. Let w be y(5). What is d(w)?
3
Let w be (-3 + -27)*2/5. Let y = -8 - w. Suppose 0 = -3*l + 4*m + 10, m + m = -3*l + y. Let z(i) = -i**3 + 2*i - 1. Determine z(l).
-5
Let z(r) = r**2 - 6*r - 6. Suppose n = -5*a + 26, 5*a + 0*n - 20 = 5*n. Suppose -12 = -a*o + 3*o. Give z(o).
-6
Let u be (4/3)/(8/12). Suppose -4 = -4*n + 4, -8 = u*t + 2*n. Let l(z) = -z - 8. What is l(t)?
-2
Suppose 3*g = -5*z + 9, -z + g - 2*g + 1 = 0. Let o(t) be the third derivative of -1/6*t**z + 1/24*t**4 + 0*t - 3*t**2 + 0. What is o(6)?
5
Let m(p) = -p**3 - p**2 + p + 4. Suppose -3*a = -d + a - 4, -5*d = -2*a + 2. What is m(d)?
4
Let n(j) = -2*j + 674*j**2 + 0*j**3 + 4*j + 8 + j**3 - 667*j**2. Give n(-7).
-6
Let j(r) be the third derivative of 0*r + 1/6*r**3 + 1/60*r**5 + 0 - 2*r**2 + 1/8*r**4. Let p(z) = z + 3. Let w be p(-6). What is j(w)?
1
Let i(b) = -2*b - 17. Let k(n) = -3*n - 26. Let g(r) = 8*i(r) - 5*k(r). Let s = 5 + -10. Let a be g(s). Let x(d) = 10*d**2 - 1. What is x(a)?
9
Suppose 0*v = -15*v + 30. Let g(i) = 2*i**2 - 4*i + 3. Give g(v).
3
Suppose a = -0*a + 2*h - 38, h = a + 34. Let y be ((-2)/(-3))/((-4)/a). Let o(n) = -n + 5*n + y*n**2 - 4*n + 2*n + 1. What is o(-1)?
4
Let k(f) = -f**3 - f**2 - f - 2. Let m be k(0). Let u(r) be the third derivative of 0*r - 1/30*r**5 + 0 + 1/24*r**4 + 1/3*r**3 - 4*r**2. What is u(m)?
-8
Let d(b) = -2*b + 15 + 17 - 28. Calculate d(-6).
16
Let p(v) = -3 + 2 - 60*v + 61*v + 0. Give p(-4).
-5
Let l(p) = -10*p**3 + 25*p**2 - 4*p - 10. Let u(g) = 3*g**3 - 8*g**2 + g + 3. Let v(z) = 2*l(z) + 7*u(z). What is v(6)?
-5
Suppose -s + 6 = -5*k, 4*k - 8 = -5*s + 7*k. Let q(b) = -2 - 1 + 2. Let d(v) = -8*v - 4. Let j(u) = d(u) - 3*q(u). Calculate j(s).
-9
Let o be -2 + 2 + 3 - 2. Let v = 3 - 1. Let j(w) = o + 6*w - 2 + v. Determine j(-1).
-5
Suppose -4*i + 20 = 16. Let y(r) = -3*r**2. What is y(i)?
-3
Let o(z) = z**3 - 4*z**2 + z - 2. Suppose y - 2*y + 4 = 0. Let n be o(y). Let u(f) = f + 2. Calculate u(n).
4
Let s = 13 - 6. Let k(x) = x - 5. Calculate k(s).
2
Let v(b) = b - 5. Suppose -8 = -w - 1. Determine v(w).
2
Let k(o) be the third derivative of -o**5/60 + o**4/12 - o**3/6 - 3*o**2. Calculate k(2).
-1
Suppose 2 = 5*a - 0*a + 4*b, 2*a + b = 2. Let g(l) = 3*l - l**a - l**3 - 4*l + 2*l. Determine g(1).
-1
Let k(r) be the second derivative of r**5/30 + r**4/24 - 5*r**3/6 - 3*r. Let x(u) be the second derivative of k(u). Determine x(2).
9
Let y be (-5 + 0)*(-18)/10. Suppose 2*x = -1 + y. Suppose -x*t = 3*i + i + 12, 4*t = 3*i - 26. Let q(b) = b**3 - b**2 - b + 1. What is q(i)?
3
Let n(s) = s**2 - 3*s - 6. Let z = 14 + -8. Let c be 8 + 2 + (1 - z). Give n(c).
4
Let i(t) = 6*t + 0*t**3 - t**3 - 2*t + t**2. What is i(3)?
-6
Let j(o) = 6*o - 5. Let n be j(3). Suppose 3*v = -n + 4. Let g(h) = h**2 + 7*h. Determine g(v).
-12
Let v(t) = -2*t + 3. Let f(y) = -1. Let z(k) = 6*f(k) + v(k). What is z(-3)?
3
Let n(u) = u - 1. Let g be n(1). Let l(m) be the third derivative of -1/20*m**5 + m**2 + 0*m + 1/120*m**6 + 0*m**3 + g - 1/8*m**4. Give l(4).
4
Let a = 0 + 2. Let y(g) be the first derivative of 2 - 1/3*g**3 - a*g**2 + 4*g. Determine y(-4).
4
Let o(f) = -3*f + 5. Let m(l) be the first derivative of -4 - 6*l + 3/2*l**2. Let n(x) = -4*m(x) - 5*o(x). Determine n(1).
2
Let d(k) = 0 + 45*k + 1 - 53*k. Suppose -15 + 13 = -n. Determine d(n).
-15
Suppose -j + 6*j = 15. Suppose -11 = j*h - 5. Let u(i) = i**3 + 4*i**2 + 1. Determine u(h).
9
Let n be (14 - -4)*1/3. Let c(h) = 2*h**3 + h + 2*h + 2*h + n*h**2 + 4 - h**3. Suppose 4*w + 6 + 14 = 0. Determine c(w).
4
Let n(h) = h**3 + 3*h**2 + h + 4. Let o(w) be the second derivative of -w**3/6 + w**2/2 + w. Let m be o(4). Give n(m).
1
Let u(p) = 2*p. Let y be (-20)/2 - (-2 + -1). Let d = 5 + y. Calculate u(d).
-4
Suppose 0 = q + 3*q + 3*j + 3, -2*j - 2 = 0. Let b(s) be the second derivative of 1/2*s**2 + 4/3*s**3 - 2*s + q. Calculate b(-1).
-7
Let b be (2 + -7 - -3)/2. Let n = b - 4. Let t(h) be the third derivative of h**5/60 + 5*h**4/24 - 7*h**3/6 + h**2. Determine t(n).
-7
Let r(k) be the first derivative of k**4/4 + k**3 + k**2/2 - 14. Let c = -6 - -3. Give r(c).
-3
Let k(h) = -1. Let f(w) = -w - 8. Let p(q) = f(q) - 3*k(q). Let o be -36 - -31 - (0 + 0). Determine p(o).
0
Let t(z) = -8*z - 6. Let k(b) = -b**2 + 4*b. Let n be k(5). Let q(a) = -7*a - 5. Let u(i) = n*t(i) + 6*q(i). Determine u(4).
-8
Let l(g) = -g**2 - 2*g + 4. Suppose -n + 8 = n - 3*i, -i = -5*n + 20. Let m be (-3)/6*2*n. Give l(m).
-4
Let p(w) = 2*w**2 + 3*w - 1 - 2 - 4*w - 2*w. Suppose 2*j + 5*r - 53 = 2*r, 29 = j - r. Suppose 2*s = 5*x - 25, 0 = 5*x - 3*s - j - 2. Determine p(x).
6
Let z(l) = -4*l**2 + 2. Suppose -4*p + 20 = -0*r + 4*r, -3*p - 5*r + 13 = 0. Let i be (-4)/p - 24/(-9). What is z(i)?
-14
Let q = 12 + -11. Let v(c) = -6*c**2 + 2*c - 1. Give v(q).
-5
Suppose d = 3*d + 16. Let l(x) = x + 5. What is l(d)?
-3
Let g(a) = a**2 - 3*a - 4. Let b be 6/3 - 2 - -75. Suppose t + 4*t - b = 0. Suppose u + t = 4*u. Determine g(u).
6
Let v(g) = -9*g - g + 4*g + 5*g - 3. Calculate v(5).
-8
Let b(d) = -2*d + 2. Let n be b(3). Let j(s) be the first derivative of -s**4/4 - 5*s**3/3 - 3*s**2/2 + 2*s - 4. Give j(n).
-2
Let b(g) = -g**2 - 14*g**2 - 157*g + 156*g. Give b(-1).
-14
Let i(m) = m**3 + 9*m**2 - 4. Let o be i(-9). Let y = o + 9. Let w(n) = y*n**3 - n**3 + 7*n**2 - 1 + 6*n - 3*n**3. Calculate w(-6).
-1
Let l = 67 + -71. Let f(m) = -1 + 2*m + 3*m + 7. Determine f(l).
-14
Let q be (-4)/3 - 4/(-12). Let p(b) = b**2 + 0 + b**2 - 1 - 53*b + 52*b. Calculate p(q).
2
Let r(u) = 3*u + 1. Let n be r(1). Let y(l) = -n - 5*l + 1 + 0*l + 4. Determine y(1).
-4
Let c be (-1 - 0/1)*-5. Let d(q) = -2*q + 7. Let j be d(c). Let f(h) = -6*h**2 - 5*h - 1. Let o(v) = 5*v**2 + 4*v + 1. Let r(n) = -6*f(n) - 7*o(n). Give r(j).
2
Let n(j) = -j**2 + 4*j + 1. Let i(u) = -u**2 - 5*u + 1. Suppose -l + 14 + 1 = -3*q, 6 = 2*l. Let f be i(q). Give n(f).
-4
Let w(a) be the first derivative of a**4/4 - a**3 - 3*a**2 + 3*a + 1. Let o be w(4). Let i(d) = 23*d**2 + 23*d**2 + 26*d**2 - 5 + 5*d - 71*d**2. Determine i(o).
-5
Suppose 0 = 4*w - 3*a + 3, -3 = -0*w - 3*w - 3*a. Let y be -3 - (-2 - w) - -7. Suppose 0 = 2*l + l + y. Let z(h) = -h**3 - h**2 + h - 2. Give z(l).
0
Let v = -4 - -7. Suppose q + v*q - 12 = 0. Let u(s) = -2*s + 4. Determine u(q).
-2
Let o(v) = v**2 - 4*v + 3. Let t be 8/(-52) + (-162)/(-39). Determine o(t).
3
Let j(l) = 3*l**2 - 2 + 1 + 3*l**2. Suppose 3 = 2*v - 5. Suppose 3*k = -2*c + 3, v*c - 4 = -4*k - 0. Determine j(k).
5
Let y(d) = 4*d**2. Let m(a) = -a**3 - 6*a**2 + 8*a + 10. Let p be m(-7). Suppose 5*b - 3*q = 24, 0 = -p*b + 3*q + 10 + 8. Suppose -b = -2*h - h. Calculate y(h).
4
Let f(h) = h + 1. Suppose -d = 0, 2*g + 5 = d + 3. Let y(u) = -7*u - 14. Let a